*m**2 - m - 31. Let t be w(-29). Let p(b) = -25*b**3 + b**2 + 10*b + 15. What is the units digit of p(t)?
9
Let i(w) = -w**2 - 10*w + 3. Let y = -5 - 5. Let k be i(y). Suppose 0 = k*d - a - 11, d - 1 = -4*a + 5*a. What is the units digit of d?
5
Let r = -37 - -37. What is the units digit of (-30)/(-12)*(32 + r)?
0
Let p(k) = 15*k - 1. Let r be p(1). Suppose 402 = -11*d + r*d. What is the tens digit of d?
3
Suppose 0 = 5*m - 3*k - 3380, 4*k + 25 = -k. What is the tens digit of m?
7
Let b = 49 + -51. What is the units digit of ((-13)/(-26))/((-3)/b)*711?
7
Let u be 6/(-4)*10/(-3). Let c be u/(20/(-6))*-50. Suppose 7*b - 2*b = c. What is the units digit of b?
5
Suppose 299 = 2*c + 3*x, 10*c - x = 9*c + 157. Suppose -831 = -5*u + c. What is the hundreds digit of u?
1
Let j(u) = -6*u - 8. Suppose 3*l - 3*h - 10 + 1 = 0, 0 = 4*l - 5*h - 13. Let p(f) = 7*f + 9. Let y(z) = l*p(z) + 3*j(z). What is the units digit of y(-4)?
0
Let f = 796 - 443. What is the units digit of f?
3
Suppose -5724 - 2438 = -11*c. What is the hundreds digit of c?
7
Let k(v) = v**2 - 5*v - 9. Let b be k(-2). Suppose 4*t = 3*l - 87, 21 = 2*l + 2*t - 23. Suppose 130 = b*u + l. What is the units digit of u?
1
Suppose -5*s + m = 3 + 74, -3*m = -4*s - 55. Let h(r) = -r**2 - 21*r + 7. What is the units digit of h(s)?
7
Suppose 3*l = 68 - 302. Let z = l - -104. What is the tens digit of z?
2
Let g(r) = -3*r**3 - 13*r**2 + 5*r - 17. What is the tens digit of g(-7)?
4
Suppose 2*i + c - 244 = 0, 2*i - 3*c + 2*c = 252. Suppose -2*q = -120 - i. Let w = q + -41. What is the units digit of w?
1
Let h = 317 + 548. What is the hundreds digit of h?
8
Suppose -2*y + 110 = -2*j, 3*j = -0*j - 15. Let v = y + 141. What is the tens digit of v?
9
Suppose 5*b = 25, -h - 5*b = -2*h - 23. Let i = 2 + h. Suppose 4*r + i*u - 55 = 109, -5*r + 196 = -4*u. What is the tens digit of r?
4
Suppose 4*r - 396 = -4*s, -4*r - 3*s = -31 - 360. Let b = -38 + r. What is the units digit of b?
6
Let q(u) = u + 88. What is the units digit of q(-15)?
3
Suppose -9*s + 47 = -70. Suppose -s*l = -14*l + 142. What is the hundreds digit of l?
1
Let d = -2 - 14. What is the tens digit of (696/32)/((-6)/d)?
5
Let f(q) = -209*q**3 - q**2 - 4*q - 2. What is the tens digit of f(-2)?
7
Let h = -2572 + 4470. What is the units digit of h?
8
Let d be ((-4)/3)/((-2)/3) + -2. Suppose v + v - 72 = d. What is the tens digit of v?
3
Suppose 203 = 5*x + v, -81 = -2*x + 4*v - 13. What is the units digit of x?
0
Suppose -2*q = x - 10728, 4*q - 22678 = 2*x - 1214. What is the units digit of q?
5
Suppose 0 = 113*q - 121*q + 7936. What is the hundreds digit of q?
9
Let w be 51/(-2)*32/48. Let h = w + 21. Suppose -q - h = -2*q. What is the units digit of q?
4
Let m(c) be the third derivative of c**4/24 + 13*c**3/3 - c**2 + 35. What is the units digit of m(23)?
9
Let z(v) = 3*v**3 + 9*v**2 - 7*v - 8. Let o(u) = 4*u**3 + 8*u**2 - 7*u - 8. Let l(j) = -6*o(j) + 5*z(j). What is the units digit of l(-3)?
3
Let x be (-4)/(-5) - 12/15. Suppose -4*i + x*g = 2*g - 124, 153 = 5*i + 2*g. What is the tens digit of i?
2
Let h(c) be the second derivative of -c**5/20 + 2*c**4/3 + c**3/2 + 5*c**2/2 - 35*c. What is the units digit of h(5)?
5
What is the hundreds digit of (-14465)/(-44) - 5/(-4)?
3
Let x = 2662 - 1787. What is the hundreds digit of x?
8
What is the units digit of (-2)/(-13) - (-23127)/169?
7
Suppose -3*w - 5*z = w - 17, 0 = -5*w - 5*z + 25. Let j be 1/(-4) + 10/w. Suppose -j = -3*n + 4*y, -2*y - 5 - 6 = -3*n. What is the units digit of n?
7
Suppose 4*s - 22 = 4*z + s, -4*s = 5*z + 12. Let q be 90/(-20)*z/(-3). What is the units digit of (-80)/24*q/4?
5
Let m(x) = x**3 + x**2 + x - 1. Let u(c) = 4*c**3 + 23*c**2 + 8*c - 42. Let l(s) = -5*m(s) + u(s). What is the units digit of l(18)?
7
Let y be (-1)/3 + 8/6. What is the units digit of (-15 - y)/(6/(-3))?
8
Let m(j) = j + 6. Let t be m(-6). Suppose t = 2*c - 2*u - 32, 2*u = 4*u - 8. Suppose -4*d + 131 = 3*o, -3*d = 3*o - 76 - c. What is the tens digit of d?
3
Let x(b) = -1704*b + 282. What is the tens digit of x(-2)?
9
Suppose p = 3*p + 3*u - 19, -5*p + 2*u = 0. Suppose -p*b - 2*b = -16. Suppose 3*r - 4*y = 29, 2*r = -0*r - b*y - 14. What is the units digit of r?
3
Let f(o) = -7*o**3 + o + 1. Let z be f(-2). Suppose 2*t = z + 37. What is the units digit of t?
6
Suppose -7530 = -16*i + 6*i. What is the tens digit of i?
5
Let a = -3 - -5. Suppose -a*d + 49 = 13. Suppose 0 = -3*f - d + 72. What is the units digit of f?
8
What is the thousands digit of (-19772)/6*153/(-102)?
4
Suppose 410 = -8*c + 2514. Suppose g - 12 = -4*h, -9 = -3*h - 0*h - 2*g. Suppose -a = h*w - 149, 2*w + 2*a = 7*w - c. What is the tens digit of w?
5
Let u = -161 - -170. Suppose -22 = x + 4*f, f + 22 = -x - 2*x. What is the units digit of (-230)/x - 3/u?
8
Suppose -3*j = -2*d - 2*d - 38, -5*d = 3*j + 7. What is the tens digit of 14/((9/3)/j)?
2
Let x = 9016 + -4778. What is the tens digit of x?
3
Let b(l) = 54*l + 31. What is the units digit of b(11)?
5
Suppose -4*a = -3*o - 185, -4*o + 3*o = a + 50. Let h = 210 + o. Suppose -3*t - 4*k + 2*k + 161 = 0, -4*k = -3*t + h. What is the tens digit of t?
5
Let w(j) = 18*j + 9. Let f be w(7). Suppose 0 = 4*a - f - 93. What is the units digit of a?
7
Suppose 1039 + 709 = 4*n. Let z = n - 312. What is the units digit of z?
5
Let u(a) = a**2 - 12*a - 40. What is the hundreds digit of u(25)?
2
Suppose -254 = -4*t - 2*b, 2*t + 4*b + 86 = 3*t. Let i = -27 - -121. Let p = i - t. What is the units digit of p?
8
Suppose 3*u - b = 0, 2*u = 7*u - 4*b. What is the units digit of (-30)/(-165) + (97/11 - u)?
9
Let i(k) = 21*k - 25*k - 4 + 16*k. Let m be i(8). Suppose 4*h = -0*h + m. What is the units digit of h?
3
Let r = 20 - 15. Suppose r*f = -5 - 0, 61 = 5*a - f. Suppose 4*n + 4 - 15 = -v, 5*n + 3*v = a. What is the units digit of n?
3
Let v(w) be the second derivative of -w**4/12 - 4*w**3/3 + 3*w**2 + 6*w. Let z be v(-10). Let b = 5 - z. What is the tens digit of b?
1
Let s(z) = z**2 - 6*z - 3. Let n be s(8). Let r = n - 12. Let a(b) = 16*b**3 + b**2 + b - 1. What is the tens digit of a(r)?
1
Suppose m + h = 7, 5*h - 30 = -4*m - 0*m. Suppose 3*x - 5 = -m*n + 105, 0 = 5*x + 2*n - 215. What is the units digit of x?
5
Suppose 6*y - 6 - 18 = 0. What is the units digit of ((-106)/y)/((-1)/2)?
3
Suppose 20*s - 1080 = 8*s. What is the units digit of s?
0
Suppose -836*q + 16492 = -822*q. What is the tens digit of q?
7
Suppose -2*g + 505 = u, 3*u - 4*g + 42 - 1547 = 0. What is the tens digit of u?
0
Suppose -24*z = -20*z. Suppose z = 5*y - 20, 2*y + 28 = -5*k + 1. What is the tens digit of -4 - (k - -4) - -65?
6
Let c(k) = 3*k**2 - 9*k + 2*k - k**3 + 2 + 4*k. Let u be c(2). Suppose u = 5*x - 62 - 58. What is the tens digit of x?
2
Suppose 11 + 9 = -4*z, -27 = -3*m - 3*z. Suppose 6 = 5*n - m. Suppose 4*q - 61 = -5*i + 89, -2*i + 88 = -n*q. What is the tens digit of i?
3
Suppose 0 = -15*d + 18*d - 1242. What is the units digit of d?
4
Suppose -3*a - 5*s = -2*a - 692, 2011 = 3*a + 2*s. What is the units digit of a?
7
Let m be 1 - (1 + -2)/1. Suppose 4*s + 0*q - 198 = -m*q, 54 = s - 4*q. What is the tens digit of s?
5
Suppose 0 = -0*w + 6*w + 342. Let t = 269 + w. What is the hundreds digit of t?
2
Let k = -43 + 49. Suppose 105 = j + v, -7*j + k*j = 5*v - 113. What is the hundreds digit of j?
1
Let i(m) = 4*m**2 - 15*m - 25. Let q(o) = o**2 - 12*o + 8. Let k be q(12). What is the tens digit of i(k)?
1
Let r(k) = 5*k**3 - 3*k**3 - k**3 + 0*k**3 - 8*k - 4 + 6*k**2. Let j be r(-7). Suppose -w = -j*w + 24. What is the tens digit of w?
1
Suppose -82 = z + 5*i, -3*z + i = 33 + 277. Let a = z + 154. What is the units digit of a?
2
Suppose 8*z = 10*z + 4. What is the units digit of 4/(-16)*z*2*71?
1
Suppose -2*z = -5*z + 3909. What is the units digit of z?
3
Let f = -45 - -381. Let c be f/54 - (-4)/(-18). Suppose c - 1 = j. What is the units digit of j?
5
Suppose 3 = -3*b + 99. Suppose -3*o + 31 + b = 0. What is the tens digit of o?
2
Let c(b) = -8*b**2 + 2*b. Let v be c(-2). Let w be (-3)/5 + v/(-10). Suppose 2*l - w*l = -32. What is the units digit of l?
2
Let i be 3 + -6 - 1/(1/(-6)). Let c = -32 - -46. Suppose 4*r - 2*d = i*r + c, 0 = 3*d. What is the units digit of r?
4
Suppose -10 = 4*r - 46. Let j = r + -4. Sup